. What is the greatest common factor of 161 and q?
23
Suppose -2720 = -242*y + 4782. What is the highest common factor of y and 20057?
31
Let k(q) = -q**2 + 7*q - 8. Let f be k(3). Suppose -225 = -5*m + c + 817, -824 = -f*m - 4*c. Calculate the highest common factor of m and 26.
26
Let q be (440/45 - 1) + (-4)/(-18). Let y(k) = q - 8 - 4*k + 0. Let d be y(-3). What is the greatest common factor of 91 and d?
13
Let r be ((-15)/(-6) - 1)*8. Let p = -379 + 643. What is the highest common divisor of p and r?
12
Suppose -5*f + 323 = -3*u, 3*f + 3*u - 195 = 6*u. What is the greatest common factor of 2784 and f?
32
Let g = 4408 - 4164. Calculate the highest common factor of 61 and g.
61
Suppose 5*z + 31 = 2*v, -v - z + 4*z = -15. Let f = 68 - 44. Calculate the greatest common factor of v and f.
6
Let g be 6/14 - (0 - (-4860)/(-28)). Suppose 6*z + 0*z - g = 0. What is the greatest common factor of 58 and z?
29
Let l(n) = -n**2 - 37*n + 3. Suppose 0 = -43*r + 36*r - 259. Let a be l(r). What is the highest common divisor of a and 48?
3
Let d(l) = -2*l**3 + 19*l**2 + l - 6. Let z be d(9). Suppose -468 = z*i - 90*i. What is the highest common factor of i and 26?
26
Let u be (2 - -3)*(112/10)/2. Suppose 2*h - 305 = 7*h - w, 4*h + 3*w + 263 = 0. Let p be 51/(-17) + h/(-2). What is the highest common divisor of u and p?
28
Suppose -9*g + 7*g + 36 = 0. Let d be (g/(-6))/((-3)/87). Calculate the greatest common factor of 3 and d.
3
Let k(c) = 47*c - 630. Let x be k(14). What is the greatest common factor of 476 and x?
28
Let p(m) = 4*m**2 - 61*m + 380. Let j be p(20). Calculate the greatest common divisor of j and 57.
19
Suppose -14*z + 13*v - 63307 = -18*z, 0 = -3*v + 21. Calculate the greatest common factor of 24 and z.
12
Let q(t) = t**3 - 19*t**2 - 23*t + 105. Let a be q(20). Let b be (-2 + (-54)/a)*30/(-4). What is the highest common divisor of b and 504?
24
Let c = 8440 + -8338. What is the highest common factor of c and 78?
6
Suppose 3*b + 40 - 4 = 0. Let r(u) = -3*u**2 - 9 - 17*u - 12 + 5*u**2 - 3*u**2. Let g be r(b). Calculate the highest common divisor of g and 52.
13
Let p(f) = 5*f**2 + 12*f - 201. Let t be p(7). What is the highest common factor of 3040 and t?
32
Suppose -187 = 2*h - 617. Let z = h + -25. Suppose -4*u + 9*u = z. Calculate the greatest common factor of u and 19.
19
Suppose -8*a - 36 = 1100. Let c(p) = -p**3 + 15*p**2 - 29*p + 20. Let x be c(10). Let j = a + x. What is the highest common divisor of 132 and j?
44
Suppose 2*u = s - 246, 2*s + 4*u = 7*u + 500. Calculate the greatest common factor of s and 2.
2
Suppose 40*q - 90 = 10*q. Suppose 13 = 2*k - q. What is the greatest common divisor of k and 4?
4
Let a = -43 - -75. Let l(x) = 6*x**3 + 20*x**2 - 75*x - 4. Let n be l(4). What is the greatest common divisor of n and a?
16
Let g(f) = -2*f**2 - 75*f - 105. Let r be g(-34). Suppose 3*c = -m + 5 + 3, -92 = -7*m - 3*c. What is the highest common divisor of r and m?
7
Let f = 1 + -354. Let m = -269 - f. What is the greatest common divisor of 48 and m?
12
Suppose -4*d = -2*d - 10. Let q = -163 + 115. Let u be (-40)/q*6 - (1 - 1). What is the highest common factor of d and u?
5
Let h(g) = 1396*g - 178. Let k be h(2). Calculate the greatest common divisor of 2 and k.
2
Let g = -36 + 57. Let w(n) = 2*n**2 + 13*n + 49. Let t be w(-12). Suppose -2*u + t = -29. Calculate the greatest common divisor of g and u.
21
Let v be (-4)/(-34) + 360/(-170). Let m be 0/((v + 4)/(-1)). Suppose 0*i = i - 3*o - 13, -i - 5*o + 37 = m. Calculate the highest common divisor of i and 242.
22
Let n be -18*(4/4)/((-30)/5295). What is the greatest common factor of n and 9?
9
Let j = 8499 + -6068. Calculate the highest common factor of j and 1326.
221
Let t(a) = 2*a**2 - 12*a - 59. Let l be t(13). Let u be ((-21)/(-4))/(5/20). Suppose u*f = 22*f - l. What is the greatest common factor of f and 82?
41
Let d = -6766 + 7208. What is the greatest common factor of 182 and d?
26
Suppose 82*l - 78*l = -a + 13924, 3492 = l + 3*a. What is the greatest common factor of l and 80?
40
Suppose 80 = a + 22*m - 19*m, -2*m = -a + 50. Calculate the highest common factor of a and 26.
2
Let x = 332 - 329. Suppose -2*n - 101 = -3*c + x*n, -63 = -2*c - n. Calculate the greatest common divisor of 112 and c.
16
Let k = 112 - 95. Suppose 2*m + 2 = -5*r + k, -m + 14 = -4*r. Calculate the greatest common factor of m and 250.
10
Suppose 4596*h - 279 = 4593*h. Calculate the greatest common divisor of h and 1922.
31
Let a be 30/10 + -7*3. Let f be 2/(-6) + ((-6036)/a - -6). What is the highest common factor of 62 and f?
31
Suppose 140*z - 142*z + 458 = 2*u, 0 = -5*z + u + 1121. Suppose -4*x + 2*s = -1192, 5*x + 2*s = 3*s + 1496. Calculate the greatest common factor of z and x.
75
Suppose 0 = -5*h - 3*a + 85, a + 38 = h + 13. What is the greatest common factor of h and 616?
4
Let k = 2901 - 2463. Calculate the greatest common divisor of k and 1241.
73
Suppose 320*s + 31*s - 5466123 = 0. Calculate the highest common factor of 174 and s.
87
Let w(q) = 2*q + 204. Let k be w(-97). Calculate the highest common factor of 30110 and k.
10
Let p be 2/4 + (-622)/(-4). Suppose p = 4*u - 3*u + 3*w, -5*u + w + 780 = 0. What is the greatest common divisor of u and 12?
12
Let c = -5190 - -9506. Suppose w = 4*d - c, -d + 348 + 731 = 4*w. Calculate the greatest common divisor of 13 and d.
13
Let s = 3953 - 3815. Calculate the greatest common factor of 96 and s.
6
Let x(u) = 8*u**2 + 5*u - 11. Let b be x(4). Let o = b + -73. Calculate the highest common factor of o and 80.
16
Suppose 5*w = 4*x + 10*w - 6737, -5*x + w = -8414. What is the greatest common factor of x and 132?
33
Suppose -49*w = -50*w + 2. Suppose 0 = -4*q + 5*i + 88, w*i + 25 = q - 0*q. Let h be (1 + 0 - -119) + -1. What is the highest common divisor of q and h?
17
Let h be ((-2)/30)/(36/(-185652)) - (-2)/10. Suppose 0 = 4*w - 2*x - 164, -9 = -w + 3*x + 22. What is the highest common factor of w and h?
43
Let m(p) = 3*p**2 + 49*p + 14. Suppose 0*f + 43 = -3*u + 4*f, 83 = -3*u - 4*f. Let g be m(u). What is the highest common divisor of g and 44?
44
Let y be (325105/(-44))/(-23) + 5/(-4). What is the greatest common divisor of 10 and y?
10
Suppose -4*k = 28, -2*z + 45 + 100 = -5*k. Let c be (3 - 2 - 2) + 716. Calculate the highest common divisor of z and c.
55
Suppose 44 - 146 = -3*s. Let c be 2 + 452/14 + 852/(-2982). What is the highest common divisor of s and c?
34
Let u = 174 - 186. Let c be (-9)/u - (-50)/40 - -74. Let r be (39 - 1)*3/6. Calculate the greatest common divisor of r and c.
19
Let w(c) = -c**3 - c**2 + c + 2. Let i be w(-2). Let s be -2*(-4)/24*-9 - -5. Suppose s*r - i*r = -18. Calculate the greatest common factor of r and 9.
9
Let h be 5/(45/978) - 30/45. Suppose -36 = -2*b + b. Calculate the highest common factor of h and b.
36
Let k be (9/(-15))/(11/(-55)). Let z = 7 + k. Let l be 48/z*(-40)/(-12). What is the greatest common factor of 80 and l?
16
Let j(r) be the third derivative of r**5/15 + 7*r**4/24 + r**3 - 2*r**2 + 30. Let c be j(-3). Calculate the greatest common factor of c and 15.
3
Suppose 2*q = -3*k + q + 197, 3*k = -4*q + 194. Suppose g - 166 = k. Calculate the highest common factor of 29 and g.
29
Let q(f) = -f**3 + 5*f**2 + 2*f + 2. Let a be q(5). Let k = -335295 - -335337. Calculate the highest common factor of k and a.
6
Let j = -342 + 692. Suppose 7*q - j = 189. Calculate the greatest common divisor of 49 and q.
7
Let q = -2503 - -2527. Calculate the greatest common factor of 20616 and q.
24
Suppose -4*o - 12 = f, 17 - 2 = -4*f - 5*o. Let k be f/(-3 - -4) + 98. Let n be 27/81 - (0 + 41/(-3)). Calculate the highest common factor of n and k.
14
Let h(z) = z + 25. Let a be h(-10). Let j = -6 + a. Let q be 16 - 3*6/j. What is the greatest common factor of 98 and q?
14
Suppose -5*x + 31 = -9. Suppose 49 = 5*b + o, -14 - x = -2*b - o. Calculate the highest common factor of 9 and b.
9
Let q = 188 - 289. Let d = q + 197. Let o be (-10)/(-6) + 5/(-3) + 12. What is the greatest common factor of o and d?
12
Let h(c) = 12*c**2 - 3*c. Let v be h(4). Let x be (-186)/(-4) + (4 - 66*8/96). Calculate the highest common factor of x and v.
45
Let f = -30 - -91. Suppose 4*x = -49 + f. Suppose -x*y - 3*q - 2*q = -137, -5*y + 4*q 